*i**3 + 6*i**2. What is q(-6)?
-4
Let u(s) be the first derivative of -2*s**3/3 + 3*s**2 + 7*s - 19. Calculate u(5).
-13
Let k(x) = x**2 + 5*x + 7. Let g(n) = -2*n**3 - 3*n**2 + n + 2. Let v be g(2). Let y = v - -12. Let u = y + 7. Give k(u).
7
Let r(g) be the second derivative of g**2/2 + 6*g. Let s(z) = -3*z + 2. Let p(v) = 2*r(v) + s(v). Give p(3).
-5
Let i(w) = -3 + w**2 - w**3 - 2 - w + 5 - 1. Give i(0).
-1
Let h(r) = r**2 + 4*r + 0 - 3 - 5 + 3. Calculate h(-4).
-5
Let f(x) = x**2 - 7*x + 7. Let b(c) = -c + 3. Let k be b(2). Let u be (5 + -6)*-5*k. Determine f(u).
-3
Let z(y) be the third derivative of -7*y**4/24 + y**3/6 - 11*y**2. What is z(-1)?
8
Let h(x) = -5*x - 2. Let r(o) = 9*o + 3. Let f(d) = 11*h(d) + 6*r(d). Let k be -3 - (4/2)/(-1). Let a = k + -2. Give f(a).
-1
Let b(t) = -2*t**2 + 7 - 6 + 3 + 5*t - 3. Let l(g) = -g**2 - g. Let f be l(0). Suppose f*x = x - 4. What is b(x)?
-11
Let m(w) = -w**2 - 2*w. Suppose 8*l - 3*l = 0. Let a be (-210)/(-36) + 1/6. Suppose l = 5*d - 7*d - a. Give m(d).
-3
Let j(d) = 3*d**2 + 0 - d**2 - 1. Let w(r) be the first derivative of r**3 - 2*r - 5. Let p(a) = -7*j(a) + 4*w(a). Calculate p(1).
-3
Let z(p) = -p**3 - 7*p**2 + 10*p + 12. Let u(w) = w + 2. Let s be u(4). Suppose -s*q = 54 - 6. Calculate z(q).
-4
Let k = -6 - -6. Let h(m) = -4 - m + k*m - m**2 + 2*m**2. What is h(4)?
8
Let l(d) = d**3 + 6*d**2 - d - 1. Let a be l(-6). Let g = -1 - -2. Let x(s) = -2 + g + 4 + s - 2. Calculate x(a).
6
Suppose 0*y = 5*y, 3*l - 3*y + 15 = 0. Let j(h) = -6*h**2 + 3*h - 4. Let c(s) = -5*s**2 + 3*s - 3. Let z(o) = l*c(o) + 4*j(o). Calculate z(4).
3
Suppose -3*q = 4*c - 25, 12 = q - 2*c + 7*c. Let u = -2 + q. Let n(h) = -2*h**2 + h**3 + 2 - 5*h - 3*h**2 + h**2. What is n(u)?
2
Let f(c) = 5*c**3 + 25*c**2 + 29*c + 3. Let r(p) = -p**3 - 7*p - 1 - 3*p**2 + p**2 - 4*p**2. Let a(x) = 2*f(x) + 9*r(x). Let o = -33 - -38. What is a(o)?
-3
Let m = 0 - -4. Let s(b) = b - 3 - b**2 + 4 - 5*b**3 - b**2 + m*b**3. Calculate s(-2).
-1
Let p(b) = -b**3 - 4*b**2 + 3*b + 1. Let r = -13 + 9. What is p(r)?
-11
Let x(s) be the first derivative of s**3/3 - 2*s**2 + 4*s + 3. Give x(3).
1
Let p(n) = -2*n + 1. Suppose -7 - 9 = -4*m. Suppose 0 = m*r - 4*b - 8, 3*r + b + 8 = -3*b. Suppose 6*l - 3*l - 9 = r. Calculate p(l).
-5
Suppose 2*a - 8 = -4*z - 0*z, a + 3*z = 5. Let i(g) = 6*g**2 - 4*g - 6. Let s(x) = x**2 - x - 1. Let q(o) = i(o) - 5*s(o). What is q(a)?
5
Let j(l) = -2*l**2 + l. Let s be -1 + (-12)/8*8/(-3). Calculate j(s).
-15
Let b(m) be the second derivative of -5*m**3/6 - 5*m**2/2 - 20*m. Calculate b(-5).
20
Let c(g) be the second derivative of -g**3/2 - g**2 + 27*g. Give c(2).
-8
Let m(a) = a + 1 + a**2 + 2*a - 4*a. Let p(j) = -j**2 + 4. Let c be p(-2). Suppose -4*h + 30 = 5*d, c = -5*d + 2*h - 0*h. Determine m(d).
3
Let z(g) = -1 - g + 3*g - 3*g. Let n(u) = -3*u - 19. Let b be n(-8). Give z(b).
-6
Let o(q) = -4*q - 4. Let j(w) = -5*w - 5. Let n(i) = 2*j(i) - 3*o(i). Determine n(2).
6
Suppose -5*q = -0*a - 3*a - 24, -2*a - 6 = 0. Let m(l) be the second derivative of l**5/20 - l**4/4 - l**3/3 - l**2/2 - 3*l. Give m(q).
-7
Let r(u) be the third derivative of u**4/24 - u**3/6 - 29*u**2. Suppose -5*q - 4 = -3*q. Let o = 1 - q. What is r(o)?
2
Let n(w) be the third derivative of w**7/5040 + w**6/180 - w**5/15 + w**2. Let m(d) be the third derivative of n(d). Let a be (-2)/7 + (-52)/14. Calculate m(a).
0
Let t = -13 + 19. Let k be 5/(-30) - (-1)/t. Let b(v) = v + 6. Calculate b(k).
6
Let z(t) = -28 - 2*t + 10 + 5 + 10. Give z(3).
-9
Let a(w) be the first derivative of -w**2 + 2*w - 11. What is a(2)?
-2
Let u be 32/12 + (-4)/6. Let d(y) = 14*y - 5 - 15*y - u. Let h(g) = g**2 - 4*g. Let s be h(3). Give d(s).
-4
Let a(f) = 2*f - 16. Let q be a(7). Let t(z) = 4*z + 2. What is t(q)?
-6
Let h(l) be the first derivative of -l**2/2 - 4*l + 2. Suppose -2*u = -4 - 6. Suppose 3*a + t - 25 = 6*t, -2*a - u*t = 25. Give h(a).
-4
Let u = 6 + -4. Let t(y) = y**2 + 2*y**3 + 3*y**u + 4*y - 6*y**3 + 5 + 3*y**3. Give t(5).
0
Let b(p) = p**2 - 2 + 0*p**2 - 26*p**3 + 25*p**3 + 4*p**2. Determine b(4).
14
Let c be (-13)/(-1) + (-2 - 2). Let j(s) = -s**3 + 10*s**2 - 10*s + 4. Determine j(c).
-5
Let g(z) be the second derivative of -z**4/12 - z**3 + 7*z**2/2 - 20*z. Give g(-6).
7
Let o(x) = 3*x**3 + 15*x**2 + 9*x + 3. Let d(k) = -k**3 - 7*k**2 - 5*k - 1. Let a(p) = 5*d(p) + 2*o(p). Determine a(6).
-5
Let k(b) = b + 4. Let o = 3 + -2. Let y be ((-10)/6)/(o/3). Determine k(y).
-1
Let q(w) = w**3 - 3*w**2 - 2. Let f be 12*(3 + (-10)/4). Let y(x) = x**3 - 5*x**2 - 9*x + 5. Let r be y(f). Let k = -10 - r. Calculate q(k).
-2
Let g(x) = x**3 - x + 1. Let d(c) be the first derivative of c**3/3 - 5*c**2/2 - 6*c + 2. Let z be d(6). Determine g(z).
1
Let m(w) be the third derivative of w**6/120 - w**5/20 - w**4/12 + w**3/2 - 3*w**2. Determine m(4).
11
Let k(g) = -g - 5. Suppose 0 = -2*c + 2, c - 18 = -4*u - c. Let z = 8 - u. Calculate k(z).
-9
Let v(m) = -5*m**2 - 1. Suppose 2*q + 6 = 2*g, -4*q - 5 = g + 2*g. Let u be v(g). Let a(f) = 3*f - 11. Let d(w) = w - 4. Let b(o) = 6*a(o) - 17*d(o). Give b(u).
-4
Let i(u) be the second derivative of -u**5/20 - u**4/6 + u**3/3 + u**2/2 + u. Let m = 26 + -29. What is i(m)?
4
Let w(o) = 4*o**2 - 4*o + 1. Let i(m) = -8*m**2 + 9*m - 2. Let k(t) = 3*i(t) + 7*w(t). Suppose -3*x - 2 - 1 = 0. Let z be (x + 2)*1/1. Determine k(z).
4
Let w(n) = -12*n**3 + 6*n**2 + 5. Let a(h) = h**2 + 1. Let i(k) = -5*a(k) + w(k). Determine i(1).
-11
Let g(d) be the third derivative of -1/24*d**4 - 2*d**2 + 0*d - 2/3*d**3 + 0 - 1/60*d**5. Let t = -1 - -1. Determine g(t).
-4
Let u(b) = -b + 11. Let f be u(6). Suppose 0 = -f*x + 3*d - 2*d + 8, -3*x = -5*d - 18. Let a(p) be the first derivative of 2*p**2 - p + 16. Determine a(x).
3
Suppose 2 = 5*j - 4*j. Suppose n = -j*n. Let o(p) = p**2 + p + 6. What is o(n)?
6
Let y = -4 - -6. Suppose 0 = -4*o + 2 + y, -2*w = -3*o - 3. Let g(z) = -w - z**2 + z**3 - 4 - 6*z + 3 + 4*z**2. What is g(-4)?
4
Let y(m) = -m**3 - 8*m**2 - 10*m - 6. Let w(s) = 2*s - 14. Let j be w(4). Determine y(j).
-18
Let g(u) = 2*u**3 + 23*u**2 + 18*u + 13. Let l(i) = -i**3 - 12*i**2 - 9*i - 6. Let n(y) = 3*g(y) + 5*l(y). What is n(-8)?
1
Let d(b) = -3*b**2 - 5*b - 3. Let h(o) = -13*o**2 - 21*o - 12. Let s(y) = -9*d(y) + 2*h(y). What is s(-4)?
7
Let w = 6 + 3. Let f(a) = w - 25 + 21 - 2*a. Determine f(5).
-5
Let o be (-2)/3 + (-14)/(-3). Let m(b) = -17*b + 21. Let w(h) = 4*h - 5. Let x(i) = -6*m(i) - 26*w(i). Determine x(o).
-4
Suppose 5*v + 2 = 3*g, 0*v + 3*v - g = 2. Let j(q) = -q**3 - 2*q**2 - q + 3*q + 3*q**2 + 1. Calculate j(v).
1
Let w(g) = 4*g**3 + 13*g**2 - 3*g - 10. Let b(q) = -5*q**3 - 14*q**2 + 3*q + 9. Let a(s) = -3*b(s) - 4*w(s). Give a(-10).
-17
Let s(f) be the third derivative of -f**8/3360 + f**7/1260 + f**5/60 + f**4/12 + 3*f**2. Let h(j) be the second derivative of s(j). What is h(2)?
-6
Let q(p) = -4*p**2 + 1. Let h(n) = 12*n**2 + n - 3. Let a(j) = 2*h(j) + 7*q(j). What is a(2)?
-11
Let w = 5 - 5. Suppose 5*d + 5*i - 25 = w, -d = 2*d - 2*i. Let b(h) = -h**3 + h**2 - 2*h - 1. What is b(d)?
-9
Let z(f) = -f**3 - 8*f**2 - f + 10. Let s(h) = 3*h**3 + 17*h**2 + h - 21. Let n(k) = -2*s(k) - 5*z(k). Give n(6).
10
Let x be (60/18)/(6/9). Let f(b) = -b**2 + 3*b - 1. What is f(x)?
-11
Let f(x) = 6*x - 3 - 4*x - 4*x. Let p be f(-3). Suppose -3*j = -2*k + p*k + 11, 0 = k - 4*j - 10. Let o(y) = -2*y**3 - 2*y**2 + y - 2. Calculate o(k).
4
Let k(m) = -m**2 + 1. Let t(f) = f**2 - 5*f - 6. Let z(g) = 2*k(g) + t(g). Let s = 29 + -7. Suppose o + 11 = -5*n, 2*n - 3*o = o - s. What is z(n)?
2
Suppose 3*w = 7 + 2. Let m(a) = a + 5. Let o be m(-5). Suppose -w*l - f = 2, o = -3*f - 2 - 4. Let s(h) = -h + 2. What is s(l)?
2
Let g(j) = -j**3 + j**2 - j + 1. Let x(f) = 4*f**3 - 10*f**2 + 8*f + 5. Let c(v) = 3*g(v) + x(v). What is c(6)?
2
Let s(u) = -3*u + 23. Let b be s(10). Let n(z) = -z + 2. Calculate n(b).
9
Let x(o) = -2*o**2 + o. Let n = -25 - -26. Determine x(n).
-1
Let q(y) = -68*y + 5*y**2 + 68*y. Calculate q(1).
5
Let t(m) = -m**3 - 4*m**2 + m - 3. Let d(u) = u + 1. Let n be d(4). Let y = 8 - n. Suppose 3*h = 5*z + 8, 3*h = y*z + h + 4. What is t(z)?
-7
Let a(x) = 4*x - 1. Let l be a(2). Let h(d) = 6*d - 2 + 4*d**2 - 2*d**2 + 4*d**2. Let z(